-16 - (-22 + 9))
42
(-3 - 66) + 226 + -98
59
Evaluate (-1 - (-34 + 11)) + -13 + (1 - -7).
17
Evaluate 9234 + -9276 + 1 + 124.
83
Evaluate 57 + (0 - 59 - 44).
-46
Evaluate (0 - (38 + -1) - 0) + (-61 - -60) + -3.
-41
Calculate 0 - -10 - (2 - (-7 - -29) - (2 - 40)).
-8
What is (29 - 7 - 10) + -10 + 1 - 2?
1
What is the value of (27 + -63 - 38) + 117?
43
Evaluate -7 + (-2 - -51) - 55.
-13
What is the value of -8 + (-38 - -57 - (2 + 150 + -3))?
-138
Calculate 16 + (-21 - -36) + -10 + -15.
6
What is -33 + ((8 - (-14 + 8)) + -6 - (1 - 0))?
-26
Evaluate 30 + 1 + 0 + -1048 + 967.
-50
Evaluate -10 + -20 + -15 + (49 - 20) + 4 + 0.
-12
Evaluate -70 - (-145 + 88) - -126.
113
Evaluate -2 + (-26 - (-7 - 7) - -2 - 5).
-17
Calculate ((11 - (8 - -2)) + 0 + 0 - -1) + -28.
-26
Calculate (-3 - 42) + (-35 - (-10 + -17 + 16)) + 12.
-57
-131 + -1 - (-31 - (-16 + -59 + 43))
-133
What is the value of 31 - (8 + 4) - (-21 - -30)?
10
What is the value of -11 + 72 + -74 + 26?
13
42 + -1 + (16 - 15) - (-38 - -46)
34
What is the value of -88 + 17 + -12 - 13?
-96
Evaluate (-45 - (85 + 18)) + 94.
-54
What is (-8 + -6 - 10 - 10) + -51 + 34?
-51
What is the value of ((19 - 60) + 17 - -45) + -22?
-1
What is 16 + 6 + (12 - 20) + (-8 - 0)?
6
Calculate 11 + (-8 - -84) + -18 + 5 + -13 + 20.
81
What is the value of 0 - 1 - (-7 - 6 - -14) - -8?
6
Evaluate -12 + (-37 + 8 - -48).
7
What is the value of (5078 - 5077 - (-1 + 0 + (1 - 7))) + -8?
0
Evaluate 0 + -10 - (127 - (41 + 60)).
-36
Evaluate -85 + 170 + (7 + -7 - -31).
116
(18 - 18 - 8) + -10 + 16 + 68
66
What is the value of 8 + -2 + 8 + -37?
-23
Evaluate -3 - (74 - 91) - (0 - -3).
11
What is (11 - -9) + 1 + -5 + 44?
60
What is 36 + 0 - (-1917 - -1990)?
-37
Evaluate (8 + (-2 - 5) - (162 + -150)) + -26.
-37
Evaluate (12 - 26) + (74 - 54) + (-1 - 19).
-14
What is 42 - (3 + 1) - (-42 + (9 - -43))?
28
What is 1 + -30 + 3 + (90 - 29)?
35
What is 26 - (-97 + 90) - 66?
-33
What is -1 + 5 - (33 + -29) - (23 - (120 + -7))?
90
Evaluate (18 - 26) + (20 - (14 + -14)) + -2.
10
Calculate (6 - (67 + -56)) + 29.
24
Calculate (5 - 9 - -4) + (58 - 0) - (-8 + 14).
52
(5 - 1) + 17 + (2 - (48 + -21))
-4
Evaluate -37 + 10 + (-10 + -6 - -13) + 6.
-24
Evaluate -6 - (-50 + -3 + -3 + 33 + -30).
47
Evaluate (-12 - (9 + -37) - 15) + 1 + -4.
-2
What is the value of -45 + 8 + (-34 - (-48 - -45))?
-68
Calculate -1281 + 1253 - (0 - (6 + -10)).
-32
Calculate -54 + (59 - (-78 + 87)).
-4
Calculate 11 + (-10 + (2 - 3 - 10) - -5) + 11.
6
What is -2 + -8 - -11 - (10 - (-23 - -12 - -7))?
-13
What is the value of (5 - 7) + 4 - (-44 - -58)?
-12
Evaluate -18 + -3 + -587 + 595.
-13
-3 + -15 + (-11 - -38) - 6
3
-238 + 121 + 104 + -99
-112
26 + -61 + (27 - 12) - -57
37
What is the value of (23 - 18 - -100 - (14 - 4)) + (-8 - 4)?
83
Calculate -28 + (12 - -12) - (47 - 0).
-51
What is the value of 1 + 41 - (-17 + (-6 - -14) + 10)?
41
What is the value of (49 + (-17 - -1 - -15) - -4) + -3?
49
What is the value of 1 - (-59 + 49 + (-1 - 15))?
27
Evaluate (3 - (37 - 2)) + (19 - 39) + 27.
-25
Calculate 32 - (6 - (-64 - 19 - 32)).
-89
What is the value of 91 + -14 + -79 + -82?
-84
Calculate -79 + (16 - -93) + (-3 - 8).
19
What is 1 + 49 - (-64 - 6 - -63)?
57
What is -10 - (-53 - -72 - 3)?
-26
What is 154 + -76 + 180 + -189?
69
What is the value of -7 - -7 - 6 - (-5 + 6 - (12 - 10))?
-5
Calculate (-8436 - -8350) + (-1 - -113).
26
Evaluate -2 - -2 - ((-2 - (-37 - -11)) + -52).
28
Evaluate 69 + (2 - 57) + 24.
38
What is -14 + (2 - 7 - 8 - (-2 + -11))?
-14
Calculate 44 - (-31 - -42 - -20).
13
Evaluate (-21 + 3 + 0 - (39 + (-10 - 16))) + -9.
-40
What is 12 + ((-36 - -40) + -22 - (-1 - -1))?
-6
What is the value of -24 + ((10 - 17) + 7 - -4)?
-20
78 - (-17 + -8 + 102)
1
Calculate -1 - ((212 - 184) + (2 - 11)).
-20
What is 58 + 36 + -82 + 16?
28
Evaluate 0 + -44 + (131 - 62) + -76.
-51
15 + -23 + 1 + -2 + 1 - (66 - 127)
53
(1 - 2) + 10 - (-12 + 8 + 5 - -89)
-81
132 - (55 + 115) - (-1 - 113)
76
6 + (-17 + 55 + -33 - (36 + -1 + 0))
-24
Calculate 12 + 0 + -1 - (-63 - -8 - -16).
50
What is the value of -295 + 334 - (66 - (0 + -8))?
-35
Evaluate 28 - (-47 - -50) - 30.
-5
What is -52 - ((28 - 34) + -22)?
-24
What is the value of (62 - 71) + (83 - -2) + -216 + 197?
57
6 - ((-828 - -829) + (-1 - 0) + 3 + -18)
21
Calculate -29 - (-21 + -58 + 35).
15
Calculate 7 + -5 - -9 - (-132 + 124).
19
Evaluate (27 - (-3 + 1)) + -3 + (-45 - (-39 - 13)).
33
What is the value of -79 - 1 - (1 - 0 - (-1004 + 1012))?
-73
42 + -7 + 5 + 0 - (-32 + 17 + 4)
51
What is the value of -4 - (-36 + -120 + 65)?
87
Calculate 6 + (-2 - -41 - (404 + -404)).
45
What is (-272 + 285 - (-31 + 2)) + 16?
58
What is -2317 + 2269 - (-2 - -3)?
-49
Calculate 87 + -43 - -22 - 49 - (0 + 65).
-48
-8 - 0 - (93 + (21 - (-7 + 34)))
-95
What is 8 - (4 + 4 + 47 + -10) - (2 + -1)?
-38
What is 2 + 0 + -12 - -3 - (-14 - (-14 - -1))?
-6
What is -33 + (-26 - (-21 + 3 - -17))?
-58
-5 + (22 - 10) + -3 - (-70 + 27)
47
21 + -8 + -6 + (-72 - -122 - (5 + 0))
52
What is (-39 - -155) + (-25 - 9) - 35?
47
What is -156 + 20 - (-3 + (22 - 30) + 31)?
-156
What is -3 + (-5 - -2) + -69 - ((-21 - -7) + 2)?
-63
Evaluate (-36 - (41 - 126)) + -79.
-30
83 + (-43 - 121 - -133)
52
Evaluate -14 - 5 - (-55 + -19 - -31).
24
(28 + -12 - (16 + -2)) + -1 + -8
-7
What is the value of 2294 - 2245 - (2 + 21)?
26
What is the value of -17 + (-8 - (-58 - 4 - (-3 - 5)))?
29
What is the value of -8 + -1 + (-8302 - -8380)?
69
-12 - (1 - 7) - 2 - (-1 - 15)
8
Calculate 42 - 45 - (51 + -20).
-34
What is the value of -18 + (4 - (5 - 9)) + -31?
-41
Calculate 24 + (-4 - (-12 - -9)) + -74.
-51
Calculate 2 + 17 + 1 + 5 + 18.
43
5 - ((5 + -7 - 0) + -4 + -13)
24
Evaluate (-14 + (-17 - -41) - -8) + 4 + -5.
17
Evaluate 19 + (-7 - -46) + -19 + -10.
29
What is the value of (-125 - -30) + 74 + 133?
112
8 - 15 - -17 - 2 - (-6 - -22)
-8
What is 35 - ((58 - 51) + 37)?
-9
What is the value of (-4 - (-9 + 7) - (-9 - 1)) + (51 - 5)?
54
-32 + (23 - 17) - (3 - 0 - 0) - -4
-25
Calculate (1 - -9) + (7 + 0 - (19 - 23)) + -9.
12
Calculate -131 - (-36 - 120) - (2 - 1).
24
What is 26 + (-67 + 44 - -24)?
27
Evaluate -31 + 22 + -32 + -4.
-45
Evaluate 958 - 1027 - (-28 + -1).
-40
(101 - 125 - (0 - 44)) + 9
29
5 - (-5 + (12 - (9 - 9))) - -16
14
What is the value of (63 + 0 - (-2101 + 2105)) + 12 + -2?
69
What is the value of -33 - -12 - (-40 + (-28 - -6))?
41
What is -1 + -17 + -16 + 49 + (156 - 40)?
131
What is (1 - 9) + 27 + -105 + 32 + 34?
-20
What is the value of (80 - -10) + -55 + 5?
40
What is 31 + 1 + 0 + -53 + 6 + 35?
20
Evaluate -30 - ((12 - -25) + -60).
-7
What is (26 - (-27 - -25)) + (-14 - -1)?
15
69 + (-1 + -6 + 152 + -141 - -4) + 3
80
What is (1 - 16) + (92 - 4 - 76)?
-3
What is -44 + -40 + 16 + 20 + (-2 - -14)?
-36
(2366 - 2446) + (46 - 2)
-36
Calculate (38 - 2) + (0 + 4 - (255 - 260)).
45
What is 12 + (-46 - 5) + (-5 - -11) - -12?
-21
Calculate (-9 + (27 - (8 + 4 + 1)) - -8) + 35.
48
What is -23 - 2 - (-120 - (-53 - -15))?
57
What is 1 + 1 - (3 + -96) - (273 + (219 - 481))?
84
Evaluate 3 + -53 - (35 - 15 - 34).
-36
Evaluate -73 + 8 - ((8 - (-7 - -11)) + 1 + 1).
-71
-40 + 7 + 2 + 177 + -36
110
What is 9 - (46 + (-69 - -52))?
-20
(-16 - 0) + (487 - 423)
48
What is the value of -57 + 11 + 108 - 99?
-37
What is 109 - (19 - (17 - (2 - -30)))?
75
(9 - 34) + 91 - 93
-27
Evaluate -32 + (21 - -12) - 19 - (2 + (3 - -2)).
-25
What is the value of (-15 - (6 - (8 - -8) - 2)) + -9 + 30?
18
Calculate (38 - (-10 - -36)) + -30 - -33.
15
(-16758 - -16766) + (32 - 0)
40
Calculate -8 - -4 - (-8 + -8 + 12) - -71.
71
What is the value of 97 + (-72 - -76) + -91?
10
Calculate -3 + -9 + 1 - (-23 + 25 + -39 + -80).
106
16 - (-65 - (-24 - -40 - (26 + 8)))
63
What is -48 - (-3 - 46) - -61?
62
Calculate 20 + 1 + (29 + -10 - 30 - 118).
-108
What is the value of -4 + 8 + (-5 + -8 - 13 - -22)?
0
Calculate 14 + -12 + 22 - ((5 - -7 - 13) + 11).
14
(843 - 970) + (1 - (-4 - -6)) + 24
-104
What is 6 + -4 + 303 + -363 + (0 - (0 + 10))?
-68
What is 32 + -24 + -5 + 12 + 2 + 5?
22
-621 + 606 + (-6 - 1) + 4
-18
What is the value of 13 - (55 + (-17 - 51))?
26
What is 12 + (8 - (-2 + 0 + 0)) + 28?
50
Calculate -6 + -144 + -81 + 185.
-46
What is the value of 0 + -40 - (-9 + (-32 + 55 - (-1 + 27)))?
-28
Evaluate 0 + 64 + 8 + (31 - 20) + -26 - -10.
